ime number?
True
Suppose -3*a + 3 = j + j, 5*a - 5 = 3*j. Let o be (1352/(-12))/(a/3). Let w = 571 + o. Is w prime?
True
Is ((-9 - -4) + -172)*(-1327)/3*1 a composite number?
True
Let v(h) = h**3 - 4*h**2 + 3. Let z be v(3). Let n be (-8)/6*(1395/z - 3). Suppose -x = -n - 1635. Is x composite?
False
Suppose 5*l - 2*j + 36 = 0, 0 = -2*l - 3*l + 3*j - 34. Is (l - -4) + 78643 + -4 prime?
False
Let o = -67 + 79. Suppose o*f - 24903 = 3*f. Is f a prime number?
True
Let m(r) = -191*r**3 - 3*r**2 + 2*r + 9. Let a be m(-3). Suppose -3*g - 3422 = -2*u, 2*u - g = -u + a. Is u prime?
False
Suppose -3*q - 792 = 5886. Is 9/((-162)/q)*(2 + 1) prime?
False
Let h = 5289 + -2026. Is h a composite number?
True
Is ((-1)/(-4))/(-1 - (4 - (-4156983)/(-831396))) prime?
False
Is (2/(-8))/((-12)/64*60/3162195) prime?
True
Let i(v) = v**2 + v - 13. Suppose -10 = 6*m + 20. Let n be i(m). Suppose n*g = 9*g - 1270. Is g a prime number?
False
Let q(n) = 4561*n**2 - 95*n + 229. Is q(3) a composite number?
False
Suppose 1253*l + 160592 = 1261*l. Is l composite?
True
Let v(h) = -608*h**3 - 9*h + 8. Let s be v(-4). Let j = s + -26759. Is j a composite number?
False
Suppose 0 = 6*t + 19 - 7. Let m be (-990)/t + (8 - 8). Suppose 658 = 2*v + 3*g, 3*g = v + 148 - m. Is v a composite number?
True
Let s = -74 - -77. Let a(c) = 2924*c + 13. Let p be a(s). Suppose -23*h + 18*h = -p. Is h prime?
False
Let w = -2007 + 392. Is 14/1*(w/(-10) - 6) a prime number?
False
Let j(m) = 10*m**3 - 253*m**2 - 53*m - 47. Is j(41) prime?
True
Suppose -2*r + m - 6 = -2, -5*r + 3*m = 8. Let i(l) = 38*l**2 + 6*l + 0 + 5 + 63*l**2. Is i(r) prime?
True
Suppose 60576 = 10*y + 17046. Suppose 0 = 5*d + 4*u - y, -4*u = 4*d - 2*u - 3480. Is d composite?
True
Suppose 0 = -2*h + d - 5190 + 26515, 0 = -3*h - 5*d + 31981. Let m be (6 - 3250/(-135)) + 0 + 18/(-243). Suppose 33*y - h = m*y. Is y composite?
True
Let v = -2057 + 2955. Is v/6*-3*(-2 + 0) a prime number?
False
Let l(j) = j**2 + 17*j + 32. Let f be l(-15). Suppose -f*r = -2 - 2. Let k(q) = 21*q**3 + 1. Is k(r) composite?
True
Let m be -3*((-136)/14 + (-4)/14). Suppose -m*j + 49857 = -27*j. Is j composite?
False
Let b = 55 - 50. Suppose -2*o + 0 = -b*r - 3, -2*r = -o + 2. Suppose -h - o*h + 2215 = 0. Is h a composite number?
False
Suppose -35487 = x - 4*p - 228850, -x + p + 193390 = 0. Is x prime?
False
Suppose -5*u - 1108598 = -4*y, y + 5003 = u + 282154. Is y prime?
True
Suppose -45*j - r = -50*j + 942817, -5*j = -2*r - 942819. Is j composite?
False
Let x be 5*(-4 + 5) + 32178/3. Suppose -8*n = 13*n - x. Is n a prime number?
False
Suppose 4915 + 5477 = 8*h. Suppose -8652 = -3*y + h. Is y prime?
False
Let t = -10254 - -14573. Is t composite?
True
Let h be (2119/2)/(-1)*(-200)/(-10). Is h/52*((-2)/10 + -1) a prime number?
False
Let h = -278380 - -574353. Is h a prime number?
True
Let x(s) = s**3 - 6*s**2 + 9*s - 5. Let g be x(4). Let k be (g - -5)/(-2) - -310. Let q = 51 + k. Is q prime?
True
Let h(l) = 6795*l**3 - 2*l**2 + 2*l - 1. Let m be h(1). Let b = m + -361. Is b a composite number?
True
Let l = -39 - -36. Let n be -71*(0 + -1) - -3. Is (-1 - n)/l - 0 a prime number?
False
Suppose -51*g = -53*g + 10762. Is g composite?
False
Let v(a) = -a**2 - 8*a + 22. Let b be v(-10). Suppose -5*q - 2042 = 3*n - 9760, -5*n = -b*q + 3081. Is q composite?
False
Suppose -4*s = -233 + 221. Suppose 3*z = s*c + 246, -c = -2*c + 3. Is z a composite number?
True
Suppose 174871 = b - k, 13*k - 9*k = 2*b - 349730. Is b a composite number?
False
Suppose -3*y + 269395 + 700568 = 0. Is y a composite number?
True
Let r(s) = -10*s**3 - 3*s**2 - 91*s - 1417. Is r(-21) composite?
False
Suppose 6*d + 1014 = -7*d. Let x = d + 71. Let l = x + 962. Is l composite?
True
Let s be ((-6)/(-4))/(15/20). Is s/(-4)*((-116214)/(-1))/(-3) prime?
False
Suppose -83*s - 47*s = -17*s - 56400899. Is s a prime number?
False
Suppose 4*y = 5*y + 4*v - 17, -2*v + 8 = 0. Is (-3 - 0)/(1/(y + -702)) composite?
True
Let i(c) = -5*c**2 + 125*c - 102. Let g be i(23). Let x = 96 - 47. Let l = g - x. Is l prime?
True
Let u(n) = -856*n**3 - 5*n**2 - 36*n - 109. Is u(-8) composite?
False
Is (225117/45)/(156/30 - 5) composite?
False
Suppose 76783 - 19593 = 19*l. Is 2/((-6)/(-1))*3 + l a prime number?
True
Suppose -3*p - 20 = -p. Let b be 0/6 + 0 - p/2. Suppose -v = -0*v + a - 178, -a - 896 = -b*v. Is v composite?
False
Is (55 - 7)/(-8) - (1206368/(-8) - 7) composite?
False
Let s be 4/(-14) + 5/((-105)/(-27)). Suppose -4*d - s = 11, 4*i - 5*d - 955 = 0. Is i/6 - 3/18 composite?
True
Let d(r) = -39785*r + 1109. Is d(-30) a composite number?
False
Let h(t) = 21152*t**2 - 32*t - 2. Is h(1) a composite number?
True
Let m be ((-45)/(-12) - 5)*-4. Suppose -5*r - 5*l + 434 = -2481, -m*r + 2923 = 3*l. Is r prime?
True
Let g(v) = -25731*v**3 + 2*v**2 + 7*v + 6. Let l be g(-1). Suppose -15*s = -s - l. Is s a composite number?
True
Let l = 35 - 30. Suppose 3*m + 13*j = 8*j - 132, 230 = -5*m - l*j. Let z = m + 492. Is z prime?
True
Suppose -l - 5422725 = -x - 2*x, -6*l = x - 1807613. Is x prime?
True
Suppose 0 = 3*x - x - 5*m - 22441, -3*x + 3*m + 33648 = 0. Is x a composite number?
False
Let u(j) = 96*j**2 + 4*j + 1. Suppose 0 = -4*a + 2*a - 2, -4*l + 4*a = 8. Let n be u(l). Let h = n + -524. Is h a prime number?
False
Let f(q) = -q**2 - 9*q - 10. Let k be f(-5). Let n be ((-16)/k)/((-2)/5). Suppose -5*z = -2*l + 2580, 4*l = -n*z + 8*z + 5148. Is l composite?
True
Let u(s) = -3*s**3 - 137*s**2 - 294*s + 16. Is u(-91) a composite number?
True
Let m be 530/(-212)*-1*152/10. Let k(c) = c**3 - 38*c**2 + 40*c + 11. Is k(m) composite?
False
Is 319822/(2/14*7) a composite number?
True
Let b be 77187 + 5 - 14/(-2). Suppose 3*m - 3*s = b, 0*m - 25741 = -m - 3*s. Is m prime?
False
Suppose -w - 14 = -5*n, -2*n + 3 - 2 = -5*w. Suppose -5*j + 5*b + 16 = 1, j = -n*b + 23. Is (1 - -3)*1370/j composite?
True
Suppose 0 = -7*w - 42 + 7. Let t(a) = -a**3 - 3*a**2 + 8*a - 10. Let v be t(w). Suppose 4*x - x - 1074 = v. Is x a composite number?
True
Suppose 0 = -17*r - 12760 - 72682. Let y = -1843 - r. Is y a composite number?
True
Let s(n) = 24 + 81*n - 58*n + 110*n + 26. Is s(29) a prime number?
True
Let b be 8/10 - 19/5. Let o be 3 + (4 + b)*-3. Suppose -2*u - 5 = 3*u, -4*v - 5*u + 839 = o. Is v a prime number?
True
Suppose -85*u = -18*u - 11*u - 38443216. Is u prime?
False
Suppose -290*w = -284*w - 18. Suppose -4*d = 4*y - 2744, w*d - 4*y = 2379 - 314. Is d prime?
False
Let l be 9*1 + (-15)/15. Let x(h) = 6*h**2 + 17*h - 9. Let b be x(l). Let p = b - -640. Is p prime?
True
Let k = -10458 + 64445. Is k a composite number?
False
Let r = -698330 - -1508569. Is r a prime number?
True
Let c(s) = s**3 + 198*s**2 + 94*s - 425. Is c(-196) a composite number?
True
Suppose -16*s - 3981846 = -45*s - 4*s. Is s prime?
False
Let w(q) = 61 - 6 + 15*q + 17*q - 8*q. Is w(26) composite?
True
Let u(z) = 97906*z + 5991. Is u(7) prime?
True
Suppose -9 + 30 = -3*g. Let p(s) = -3*s**2 - 15*s - 6. Let m be p(g). Is (-2342)/(-8) - 2*6/m prime?
True
Let p(n) = -31*n + 2. Let o be p(-13). Suppose -o = -4*a - a. Suppose 5*h = 3*y + 4568, 2661 = 3*h - 3*y - a. Is h prime?
False
Let t(a) = -a**3 - 11*a**2 + 35*a - 4. Let y be t(-16). Suppose 5*x - 530 + 178 = -2*q, 4*x - y = -4*q. Is q a composite number?
False
Let y(z) = 2*z**2 + 37*z + 22. Let s be y(-18). Let i(q) = 19*q**3 + 5*q**2 - 3*q - 11. Is i(s) composite?
True
Let v = 604923 - 197864. Is v a composite number?
False
Suppose 6446422 + 866256 = 82*v. Is v composite?
True
Let g(w) = -w**3 + 13*w**2 + 12*w + 13. Let x be g(14). Let f be 4/(-12) + 12400/x. Let r = f + 1182. Is r composite?
True
Let g be 4 - ((-2 - 2) + 26). Let b be g - (6/(-3) - -2). Is (-12)/b*-1 + (-4168)/(-6) composite?
True
Let z = 24284 + -16075. Is z composite?
False
Let w = -89 - -91. Suppose -3*v + 2*v - 1 = 0, 0 = 3*r + 2*v - 100. Suppose -w*h + 332 - r = 0. Is h a prime number?
True
Suppose -9*l + 8*l = 59. Let t = -280 - l. Let v = -10 - t. Is v a composite number?
False
Suppose 0 = 16*x - 6*x - 9*x. Suppose 4*z + 4*f - 3032 = x, -5*z + 3788 = -17*f + 20*f. Is z a composite number?
False
Suppose -2*o + 13 + 11 = 4*l, 5*l - 2*o = 21. Suppose -104 = x + 3*z + 355, 2331 = -l*x - 3*z. Is (x + -4 - -3)/(-1*1) composite?
True
Suppose -w 